z - 7. What are the prime factors of h(10)?
5, 13
Let x(f) = -469*f**3 + 3*f**2 + 3*f + 1. What are the prime factors of x(-1)?
2, 5, 47
List the prime factors of (((-21560)/(-21))/4)/(2/6).
2, 5, 7, 11
Let n be 610/(-8) + (-1)/(-4). Let u be n/(-12) + 2/3. What are the prime factors of 3/(u/(-4) + 2)?
2, 3
Suppose 11*w = 14*w. Suppose -q = -5*o + 209, 3*q + 207 = 5*o - w*o. What are the prime factors of o?
2, 3, 7
Suppose -9 = 5*a - 0*n - n, -4*a - 12 = 4*n. Let t be a*(-1)/((-2)/8). What are the prime factors of (32/(-10))/(t/140)?
2, 7
Let b = 54 - -1303. What are the prime factors of b?
23, 59
Suppose -2*y + y = -294. Let v = -125 + y. List the prime factors of v.
13
Suppose 4*m + i = 3640, 0 = -66*m + 67*m - 5*i - 910. List the prime factors of m.
2, 5, 7, 13
Let r(w) = 69*w - 374. List the prime factors of r(23).
1213
Let d be (-1 - -616) + -11 + 16. Suppose -2*i - 4*b + 132 = -166, 4*i + 2*b = d. List the prime factors of i.
157
Suppose 0 = 3*w + q - 6*q - 998, 5*q = 4*w - 1329. What are the prime factors of w?
331
Let a(b) be the third derivative of -b**6/120 + 7*b**5/60 + b**4/2 - 11*b**3/6 - b**2. What are the prime factors of a(8)?
3, 7
Let s(a) = 168*a**3 - 4*a**2 + 8*a - 12. What are the prime factors of s(2)?
2, 3, 37
Let g be 1/(-4) + -2 + 27/12. Suppose 3*b + b + 5*a - 54 = 0, g = -b - 3*a + 17. List the prime factors of b.
11
Let k(j) = 35*j - 63. Let y(t) = 4*t - 7. Let u(d) = -3*k(d) + 28*y(d). Let b(n) = -n**3 + 6*n**2 - 3*n - 13. Let c be b(3). What are the prime factors of u(c)?
2, 7
Suppose 196*q - 476 = 189*q. Let d be (1 - 2)/(3/93). Let i = q + d. List the prime factors of i.
37
Suppose -2615 = 3*l + 5*f - 7073, l - 5*f = 1506. What are the prime factors of l?
3, 7, 71
Suppose 3289 = 19*q - 2658. What are the prime factors of q?
313
List the prime factors of -2 - (1218/(-10))/((-2)/(-10)).
607
Let a = -4 + 122. Suppose -8 - a = -3*r. List the prime factors of r.
2, 3, 7
Suppose -r - 3*r = 420. Let g = 201 + r. What are the prime factors of g?
2, 3
Let g(f) be the third derivative of f**4/8 - 11*f**3/6 + 3*f**2. Let y be g(5). Suppose -2*k = y*r - 52 + 4, -3*r + 43 = 2*k. List the prime factors of k.
2, 7
Suppose -6094 = -12*o + 1346. What are the prime factors of o?
2, 5, 31
Suppose 25 = 5*u, 2*u - 16 = 2*h - 2*u. Suppose -3*w + 54 = -5*k, -5*w + h*k + 143 = 53. List the prime factors of w.
2, 3
Suppose -3*m = -5*m + 58. Suppose -3*x - 20 = -m. Suppose 0 = -x*c - h + 73, 0 = -3*c + 5*h + 37 + 66. List the prime factors of c.
2, 13
Let i = 1579 + -813. List the prime factors of i.
2, 383
Suppose -5*g - 9 = -8*g. Suppose -w + g*w = 46. Let m = w + 15. List the prime factors of m.
2, 19
Let f = -20 - -24. List the prime factors of -1 + (57 - (0 - f)).
2, 3, 5
Suppose -7 = -5*w + 3. Suppose 0 = y + 1 - w. Suppose 2*t - 31 = y. List the prime factors of t.
2
Let r = -15 - -24. Let j(a) = -6*a**2 + 1. Let q be j(-1). Let h = q + r. List the prime factors of h.
2
Let z = 0 + 16. Suppose -7*p + 219 = z. List the prime factors of p.
29
Let i be 180/48*(-64)/3. Let l = i + 119. What are the prime factors of l?
3, 13
Let y = -2719 - -4554. List the prime factors of y.
5, 367
Suppose -21*o + 26*o = 370. Let z(v) = 5*v**3 - 2*v**2 + v. Let y be z(1). Suppose -y*k = -66 - o. What are the prime factors of k?
5, 7
Let j = -2755 + 7541. List the prime factors of j.
2, 2393
Suppose 0*z = z - 4*z. Suppose i = 4*i + 4*m - 304, z = -4*i - 5*m + 406. What are the prime factors of i?
2, 13
What are the prime factors of (-32)/(-40)*1225/10?
2, 7
Let t = 31 - 31. Suppose 0 = 4*w - 3*z + 16, w + 2*w + 5*z - 17 = t. Let h(x) = 74*x**2 - x - 2. List the prime factors of h(w).
73
Suppose 11*j - 16*j - 15 = 0. Let r be j*(-2)/(-3) + 177. Suppose 5*b = 5*f + r, 5 = -2*b + f + 72. List the prime factors of b.
2
Let y(l) = l**2 - 9*l + 21. Let p be y(6). Suppose -f - 645 = -5*o, 5*f = 2*o + p*o - 645. What are the prime factors of o?
3, 43
Suppose -3*q + 1145 = 4*x - 850, -2*q - 4*x + 1334 = 0. List the prime factors of q.
661
Suppose -3*n + 2 = -2*a, -1 = a - 0*a. Let o(k) = k - 2 + k**2 - 2 + 4 + 2. What are the prime factors of o(n)?
2
Suppose -3*t = -150 - 3. Suppose -d + 7 = -t. What are the prime factors of d?
2, 29
Let g = 1536 - 710. What are the prime factors of g?
2, 7, 59
Suppose 2*l + 14 - 58 = 0. What are the prime factors of ((-40)/55)/4 - (-2446)/l?
3, 37
Suppose -327 = -2*u - 5*h, 2*u + 5*h = 7*h + 362. What are the prime factors of u?
2, 11
Let g(w) = 10*w + 3. Let k(a) = -a**2 + 1. Let y(f) = g(f) + 2*k(f). Let u be y(9). Let d = u - -100. What are the prime factors of d?
3, 11
Let o(t) = -t**3 - 7*t**2 - 6*t + 3. Let z be o(-6). Suppose 2*c = z*y + 41, c + 2*c - 58 = y. Suppose -80 - c = -3*r. List the prime factors of r.
3, 11
Let c be (2/6)/(2/1602). Suppose -5*a = -5*v - 71 + 311, -5*v - 4*a + c = 0. List the prime factors of v.
3, 17
What are the prime factors of (-7)/((-14)/1264) + (3 - 3)?
2, 79
Let i(d) = d**3 + 8*d**2 - d - 5. Suppose 3*u = a - 0*a - 9, -a - 9 = 3*u. Suppose 2*h = -2, a*p + 3*p = 5*h - 7. List the prime factors of i(p).
3, 7
Let h be 6*(3 + (-28)/8). Let j be (10/(-8))/(h/12). Suppose 3*r = -3, -4*s = -j*s - 3*r + 15. What are the prime factors of s?
2, 3
Let d(q) be the third derivative of q**4/24 + 65*q**3/6 + 6*q**2. Let m be d(0). Suppose -5*j + m = 5*g, -5*g + 55 = 6*j - 3*j. List the prime factors of g.
2
Let z = 672 - -343. What are the prime factors of z?
5, 7, 29
Suppose 116*z = 111*z + 20015. List the prime factors of z.
4003
Let a(b) = 10*b**3 + 47 - 5 + b**2 + 2*b - 11*b**3. What are the prime factors of a(0)?
2, 3, 7
Let t(u) = 19*u**2 - u + 31. List the prime factors of t(5).
3, 167
Let v = 4 - 2. Let k be v/5 - (-2471)/35. Suppose -k - 19 = -5*l. What are the prime factors of l?
2, 3
Let n(c) = -c**2 + 10*c - 1. Suppose 0 = 2*b - 5*h - 92, -3*b - 2*h + 0*h = -100. Let m be (-1)/((-4)/b - 0). List the prime factors of n(m).
2
Suppose 1057 = 5*c - 6503. List the prime factors of c.
2, 3, 7
Let s = -19 + 24. Suppose 0 = s*r - 353 - 297. What are the prime factors of r?
2, 5, 13
Let j(u) = -u**3 + 7*u**2 - 6*u - 14. Let g be j(6). List the prime factors of 4/14 + (-206)/g.
3, 5
Let r be 156/10*(12 - 2). Suppose -5*z - 2*j + r - 7 = 0, 21 = z - 4*j. List the prime factors of z.
29
Let g = -2 - -2. Suppose -l + 3*s - 6 = g, l - 19 + 1 = -5*s. Suppose 0 = l*w - 0 - 6. What are the prime factors of w?
2
Suppose -4*i + 2*b + 20 = 0, 6*b - 7 = -5*i + 4*b. Suppose v = -i*v + 336. What are the prime factors of v?
2, 3, 7
Let o(p) = 29*p**3 + 7*p**2 + 5*p + 17. What are the prime factors of o(5)?
2, 17, 113
Let a(f) be the second derivative of -f**4/12 - 11*f**3/6 - 4*f**2 - f. Let v be (-2)/(-5) + -47*5/25. What are the prime factors of a(v)?
2, 5
Let s(r) = r**2 - 2*r. Let f be s(3). Suppose 144 = 12*o - f*o. Suppose 140 + o = 2*x. List the prime factors of x.
2, 3, 13
Let k = 611 - 403. What are the prime factors of k?
2, 13
Let i(c) be the third derivative of -c**6/120 + 11*c**5/30 - 29*c**4/24 - 13*c**3/3 + 14*c**2. What are the prime factors of i(20)?
2, 97
Let w(q) = 68*q - 3. Let c be w(3). Let d = 305 - c. What are the prime factors of d?
2, 13
Suppose -2*a = -7*s + 3*s + 792, -5*a = -4*s + 780. Let t = 315 - s. List the prime factors of t.
5, 23
Let d = -40 - -45. Suppose -7*a + 23 = -d. List the prime factors of a.
2
Suppose 5610 - 1690 = 7*v. List the prime factors of v.
2, 5, 7
Suppose 5*i = -4*a + 45, -4*a = -28 + 8. List the prime factors of i.
5
What are the prime factors of ((-2446)/10)/(27/(-135))?
1223
Suppose 7973 = -11*m + 28*m. What are the prime factors of m?
7, 67
Suppose -829 = -2*u - 3*r, 0*r - 1643 = -4*u - 3*r. List the prime factors of u.
11, 37
Let n(i) = 22*i**2 + 11*i - 77. List the prime factors of n(7).
2, 7, 11
Let s(q) be the first derivative of 15*q**4 + q**3/3 - 3*q**2/2 + 3*q - 19. What are the prime factors of s(1)?
61
Let g(k) = -47*k**3 - 2*k**2 + 4*k. Let h(t) = 48*t**3 + 2*t**2 - 5*t. Let p(b) = 7*g(b) + 6*h(b). List the prime factors of p(-1).
41
Let q be 7/4 - (-2)/8. Let l = 67 - 65. Let t = q + l. What are the prime factors of t?
2
Let b be (-6 - -2 - -5)*5. Suppose b*d = 8*d + 9. Let k = 6 - d. List the prime factors of k.
3
Let d = 65 + 108. What are 